/(-6)). Calculate the greatest common factor of w and 152.
8
Let x(t) = -6*t**3 + 2*t**2 + 4*t + 2. Let m be x(-2). Let q be 4*1 - -5*72/60. Calculate the greatest common divisor of m and q.
10
Let x(w) = -w**3 + 22*w**2 - 22*w + 63. Let j be x(20). What is the highest common factor of 54 and j?
9
Let s(n) = 2*n**2 + 3*n. Let q be s(-3). Suppose -3*y - 5*r + 209 = 0, 0 = 10*y - 7*y - 4*r - 173. Calculate the greatest common divisor of q and y.
9
Suppose -6*k + 5*k + 5*p = -45, 0 = -2*k + 5*p + 90. What is the highest common factor of 81 and k?
9
Let n(z) = z**3 - z**2 + z - 78. Let r be n(8). Calculate the greatest common factor of 42 and r.
42
Let m(c) = -c**2 - 27*c + 100. Let s be m(-30). Let n(f) = f**2 + 3*f + 7. Let w be n(-6). Calculate the highest common factor of s and w.
5
Suppose 2*k = n + k - 15, 0 = 2*k + 2. Let s = 138 + -68. What is the greatest common factor of n and s?
14
Suppose -82 = 7*o - 649. Calculate the highest common factor of o and 1863.
81
Let i be -2*((-10)/(-5) + -189). What is the highest common factor of 22 and i?
22
Suppose -13*q = -10*q - 144. Calculate the greatest common factor of q and 80.
16
Suppose c - v = 1129, -8*c - 4484 = -12*c - 4*v. What is the greatest common factor of c and 25?
25
Let q be 8*(4 + 30/(-8)). Suppose 8*l - 9*l - 5 = 0, q*y - 2*l = 46. Calculate the highest common divisor of 12 and y.
6
Let a = 64 - 59. Suppose 4*x = z + 45, -a*x - 2*z = z - 52. What is the highest common divisor of 11 and x?
11
Let r = -988 - -999. What is the greatest common factor of r and 539?
11
Let k = 85 - 92. Let c be ((-6)/(-8))/(k/(-84)). Calculate the greatest common divisor of 6 and c.
3
Let t = 4 + -2. Suppose -3*w - 2*j - 3*j = -99, -t*w + 66 = j. Let a = 273 - w. What is the highest common divisor of a and 30?
30
Suppose 0 = -13*j + 1905 + 669. What is the highest common factor of j and 18?
18
Let z = -10 - -10. Let h be z/(3 + (-2 - 0)). Suppose h = 2*v - 5 - 23. What is the greatest common divisor of 98 and v?
14
Suppose -f = -0*f + 2*l - 2, -2*l = 2. Let m be 26/6 - (-10)/15. Suppose 2*b = -m*n - 17 + 207, -n - 4*b = -56. Calculate the highest common divisor of n and f.
4
Let v = 47 - 35. Suppose 0 = 7*x - v*x + 40. Calculate the greatest common factor of x and 1.
1
Suppose 4 = a, -m + 96*a - 94*a + 10 = 0. Calculate the greatest common divisor of m and 1278.
18
Suppose 2*b = -4*b + 276. Let g = 9 + 30. Let r = g + b. Calculate the greatest common divisor of r and 34.
17
Suppose 157 = 14*a - 11. Calculate the greatest common factor of a and 204.
12
Suppose -6*g = 259 - 883. What is the greatest common divisor of 26 and g?
26
Let s be (-6 - 8)*2/4. Let k(r) = 2*r**2 + 6*r + 10. Let m be k(s). Calculate the greatest common divisor of 44 and m.
22
Suppose 2*v = 4*b + 46, -7 - 23 = -v - 5*b. Suppose -32*q - v = -37*q. What is the greatest common divisor of q and 5?
5
Let b(t) = 12*t. Let g be b(2). Suppose 255 = 2*m - 49. Let s = -104 + m. Calculate the greatest common factor of s and g.
24
Let y(w) be the first derivative of -9*w**2/2 + 11*w - 12. Let z be y(-5). Calculate the greatest common factor of z and 7.
7
Suppose 15*l - 1932 = -31*l. Let y = 17 - 26. Let i = 37 + y. What is the highest common divisor of l and i?
14
Let x(i) be the first derivative of i**2/2 - 3*i + 2. Let g be x(6). Let b = -4 - -6. Calculate the greatest common divisor of g and b.
1
Let g(x) = -x + 52. Let w be g(-41). What is the highest common divisor of w and 3?
3
Let f(d) = -d**3 + 18*d**2 - 14*d - 47. Let a be f(17). What is the highest common factor of a and 94?
2
Suppose 0*i + 2*i - 18 = 0. Let s(w) = 2*w - 30. Let a be s(16). Suppose 0 = -a*m - 0*m + 8, 5*z + m = 184. Calculate the greatest common factor of z and i.
9
Let r = -4 - -8. Let q(i) = 2 + 4 + 0*i**3 + 3*i + 5*i**2 - 3 + i**3. Let u be q(-3). Calculate the greatest common divisor of u and r.
4
Let u(r) = 60*r**2 + r + 1. Let d be u(-1). Let c be 289146/14491 + (-2)/(-43). Calculate the greatest common divisor of d and c.
20
Let p = -6 - -16. Let f = 262 - 172. Calculate the highest common factor of f and p.
10
Let n be (-64)/(-5)*(-5490)/(-36). What is the greatest common factor of n and 16?
16
Let l be (48 - (-56)/8)*1. Calculate the greatest common divisor of l and 44.
11
Let r = 216 - 151. Let c(d) = -3*d - 11. Let x be c(-8). Calculate the greatest common factor of r and x.
13
Let g(u) = u**3 - 5*u**2 + 2*u + 8. Let n be g(4). Suppose n = 2*w - 2 + 28. Let i = 20 + w. Calculate the highest common divisor of i and 7.
7
Let z be (-3900)/45*(-2 - 28/10). Suppose -4*r + 320 + z = 0. What is the greatest common divisor of r and 46?
46
Let u be 117/6 - (-3)/(-6). Let c = -101 + 120. Calculate the greatest common divisor of c and u.
19
Suppose -p + 78 = -r, -9*p + 396 = -4*p - 3*r. What is the greatest common factor of p and 1296?
81
Let t be 18/15*(-30)/(-9). Suppose 0*w - 148 = -t*w. What is the greatest common divisor of w and 111?
37
Suppose -2*z = -3*j + 31 + 80, 0 = 3*z + 5*j + 119. Let d = z + 21. Let n = 29 - d. Calculate the greatest common factor of 14 and n.
14
Let a = -198 + 226. What is the greatest common divisor of a and 532?
28
Let i(y) = 52*y + 12. Let t be i(3). Suppose 4*o = 2*o + t. What is the highest common factor of o and 12?
12
Suppose -36 = -3*n - 4*x, -3*n + 36 = -0*n - 2*x. Calculate the greatest common factor of n and 114.
6
Suppose -25*g = -11 - 89. Calculate the highest common divisor of g and 12.
4
Let v(d) = 29*d**2 - 1217*d - 15. Let f be v(43). What is the greatest common divisor of f and 170?
85
Let p be (-10 + 1)/((-5)/75). What is the highest common divisor of p and 54?
27
Let l(g) = 2*g + 24. Suppose 0*c + 2*c - 12 = 0. Let f be l(c). Calculate the greatest common factor of 24 and f.
12
Suppose 4*h - 13 = f - h, 4*f + h + 73 = 0. Let x = 42 + f. Calculate the greatest common divisor of 16 and x.
8
Suppose -33 = -r - 1. Suppose -h + 3*h = r. Suppose 2*v - 2 - 2 = 0. What is the highest common factor of h and v?
2
Let h = 446 + -308. What is the highest common factor of 6 and h?
6
Let h = 6 + 33. Let m be 18/(-72) + (-5)/(-4) + 51. What is the highest common factor of h and m?
13
Let x be (-168)/(-8) + 3/(-1). Suppose -2*o = -o - x. Let l = 3 - -6. What is the greatest common factor of l and o?
9
Let p(b) = -b**3 - 4 + 5*b - 7 + 3 + 4*b**2. Let x be p(4). Let m be ((-8)/10)/(3/(-180)). What is the greatest common divisor of m and x?
12
Let u(f) = 7*f + 21. Let m be u(5). Let z = -20 + m. What is the greatest common factor of 4 and z?
4
Let m be (189/2)/(8 - 116/16). What is the greatest common divisor of 49 and m?
7
Let k(a) = -a - a - 3*a + 79 - 21. Let f be k(11). Calculate the greatest common factor of f and 57.
3
Let n(z) = 0*z**2 + 6 + 6*z**2 + 6*z - 3*z**3 + 2*z**3. Let u be n(7). Let t be (16 - u)/(7 + -6). What is the greatest common factor of 68 and t?
17
Let r be 0/(-1 - -7) - (-21 + -1). What is the highest common divisor of r and 352?
22
Let p = -36 - -70. Let x(g) = g**2 - 40*g - 259. Let m be x(-6). What is the highest common divisor of m and p?
17
Let a = -18 + 20. Suppose 4*w = -a*k + 30, -2*k = -w + 11 - 1. Calculate the highest common divisor of 200 and w.
8
Suppose -82*f = -85*f - 81. Let w = 1 - f. Calculate the highest common divisor of 112 and w.
28
Let k be (2 - 3) + 1 + 33. Let b be 3144/11 + 6/k. What is the greatest common factor of 26 and b?
26
Let f be (-1)/(-3 + -1) - (-11804)/208. What is the highest common divisor of f and 1938?
57
Let f be ((-22)/(-66))/((-1)/(-66)). What is the highest common divisor of f and 110?
22
Suppose 1148 = -8*i + 348. Let s be ((-6)/4)/((-5)/i*-3). Suppose -3*p = -82 - 188. What is the greatest common factor of p and s?
10
Suppose 4*f = -0 + 16. Suppose f*c - 301 = -3*c. Calculate the highest common factor of c and 86.
43
Suppose 6*o - 287 - 169 = 0. Calculate the greatest common divisor of 2432 and o.
76
Suppose 2 = -3*b + 5*l - 5, 0 = -3*b + 4*l - 11. Let w be (-6)/9*b/6. Let a(k) = 49*k**2 - k + 1. Let m be a(w). What is the greatest common divisor of m and 7?
7
Suppose -156 = -3*m + 9. Calculate the highest common divisor of 165 and m.
55
Let p = 123 - 109. What is the highest common divisor of p and 154?
14
Suppose 2*j + 4*q - 163 + 17 = 0, q + 4 = 0. What is t